{"id":20,"date":"2022-08-09T13:21:24","date_gmt":"2022-08-09T13:21:24","guid":{"rendered":"https:\/\/alaltura.psoeubeda.org\/?page_id=20"},"modified":"2023-01-11T11:53:18","modified_gmt":"2023-01-11T11:53:18","slug":"home","status":"publish","type":"page","link":"https:\/\/alaltura.psoeubeda.org\/","title":{"rendered":"home"},"content":{"rendered":"<p>[et_pb_section bb_built=\u00bb1&#8243; fullwidth=\u00bbon\u00bb _builder_version=\u00bb3.0.47&#8243; next_background_color=\u00bb#000000&#8243;][et_pb_fullwidth_image src=\u00bbhttps:\/\/alaltura.psoeubeda.org\/wp-content\/uploads\/2023\/01\/CABECERA_FB.jpg\u00bb _builder_version=\u00bb3.0.101&#8243;]<\/p>\n<p>&nbsp;<\/p>\n<p>[\/et_pb_fullwidth_image][\/et_pb_section][et_pb_section bb_built=\u00bb1&#8243; _builder_version=\u00bb3.0.101&#8243; prev_background_color=\u00bb#000000&#8243; next_background_color=\u00bb#000000&#8243;][\/et_pb_section][et_pb_section bb_built=\u00bb1&#8243; _builder_version=\u00bb3.0.101&#8243; custom_padding=\u00bb0px||0px|\u00bb prev_background_color=\u00bb#000000&#8243; next_background_color=\u00bb#000000&#8243;][et_pb_row _builder_version=\u00bb3.0.47&#8243; background_size=\u00bbinitial\u00bb background_position=\u00bbtop_left\u00bb background_repeat=\u00bbrepeat\u00bb][et_pb_column type=\u00bb4_4&#8243;][et_pb_tabs active_tab_background_color=\u00bb#ff0202&#8243; inactive_tab_background_color=\u00bb#ffffff\u00bb _builder_version=\u00bb3.0.101&#8243; tab_font=\u00bbArial||||||||\u00bb border_color_all=\u00bb#ffffff\u00bb][et_pb_tab title=\u00bbInfraestructuras\u00bb _builder_version=\u00bb3.0.101&#8243;]<\/p>\n<ul>\n<li><span style=\"color: #000000;\"><strong>Eficiencia energ\u00e9tica de colegios<\/strong> 2 Millones de \u20ac.<\/span><\/li>\n<li><span style=\"color: #000000;\"><strong>Adecuaci\u00f3n edificio de la Central<\/strong> de pinturas 765.000\u20ac.<\/span><\/li>\n<li><span style=\"color: #000000;\">Reurbanizaci\u00f3n Calle <strong>Juan Montilla<\/strong> 81.500\u20ac.<\/span><\/li>\n<li><span style=\"color: #000000;\">Red de aguas <strong>Cristo del Gallo y Calle Ariza<\/strong>\u00a0105.000\u20ac.<\/span><\/li>\n<li><span style=\"color: #000000;\"><strong>Nichos<\/strong> en el cementerio 61.000\u20ac.<\/span><\/li>\n<li><span style=\"color: #000000;\"><strong>Coro<\/strong> de la capilla del <strong>Hospital de Santiago<\/strong> 125.000\u20ac.<\/span><\/li>\n<li><span style=\"color: #000000;\">Accesibilidad y camerinos <strong>Ideal Cinema<\/strong> 60.000\u20ac.<\/span><\/li>\n<li><span style=\"color: #000000;\">Avenida <strong>28 de febrero<\/strong> 425.000\u20ac.<\/span><\/li>\n<li><span style=\"color: #000000;\"><strong>Corredera<\/strong> 1.515.323\u20ac.<\/span><\/li>\n<li><span style=\"color: #000000;\">Reforma juegos <strong>Parque Norte<\/strong> 140.000\u20ac.<\/span><\/li>\n<li><span style=\"color: #000000;\"><strong>Eficiencia Energ\u00e9tica Hospital de Santiago<\/strong> 800.000\u20ac.<\/span><\/li>\n<li><span style=\"color: #000000;\"><strong>Cubiertas y ala este palacio V\u00e1zquez de Molina<\/strong> 2.487.000\u20ac.<\/span><\/li>\n<li><span style=\"color: #000000;\">Calle <strong>San Nicolas<\/strong> 300.000\u20ac.<\/span><\/li>\n<li><span style=\"color: #000000;\">Rehabilitaci\u00f3n <strong>Plaza de Toros<\/strong> 328.000\u20ac.<\/span><\/li>\n<li><span style=\"color: #000000;\">Apertura calle <strong>Forjadores<\/strong> 55.000\u20ac.<\/span><\/li>\n<li><span style=\"color: #000000;\">Camino del <strong>Cementerio<\/strong> 660.000\u20ac.<\/span><\/li>\n<li><span style=\"color: #000000;\">Sala <strong>Julio corzo, sala de lectura y sacrist\u00eda Hospital de Santiago<\/strong> 125.000\u20ac.<\/span><\/li>\n<li><span style=\"color: #000000;\">Arreglo calle <strong>Cazorla, callej\u00f3n del moral, minas, caldereros<\/strong>, etc.<\/span><\/li>\n<li><strong><span style=\"color: #000000;\">Plan de asfaltado.<\/span><\/strong><\/li>\n<li><strong><span style=\"color: #000000;\">Plan de Pavimentaci\u00f3n.<\/span><\/strong><\/li>\n<\/ul>\n<p>[\/et_pb_tab][et_pb_tab title=\u00bbGesti\u00f3n \u00bb _builder_version=\u00bb3.0.101&#8243;]<\/p>\n<ul>\n<li><span style=\"color: #000000;\"><strong>Gesti\u00f3n responsable y transparente<\/strong> desde el a\u00f1o 2015.<\/span><\/li>\n<li><span style=\"color: #000000;\"><strong>Reducci\u00f3n de la deuda<span class=\"Apple-converted-space\">\u00a0 <\/span>a m\u00ednimos hist\u00f3ricos<\/strong>, pasando de 21 millones en 2015 a 6 millones en 2021.<\/span><\/li>\n<li><span style=\"color: #000000;\">Las cifras econ\u00f3micas han permitido pedir varios <strong>pr\u00e9stamos para seguir invirtiendo en la mejora del patrimonio<\/strong><span style=\"font-size: 14px;\">\u00a0<strong>y en la construcci\u00f3n de una \u00dabeda sostenible y de futuro.<\/strong><\/span><\/span><\/li>\n<li><span style=\"font-size: 14px; color: #000000;\">Aumento del gasto a causa de la Pandemia que<strong> no ha repercutivo en la presi\u00f3n fiscal sobre los vecinos y vecinas de la localidad.<\/strong><\/span><\/li>\n<\/ul>\n<p>&nbsp;<\/p>\n<p>[\/et_pb_tab][et_pb_tab title=\u00bbCultura\u00bb _builder_version=\u00bb3.0.101&#8243;]<\/p>\n<ul>\n<li><span style=\"color: #000000;\">Festival de M\u00fasica y Danza \u2018Ciudad de \u00dabeda\u2019<\/span><\/li>\n<li><span style=\"color: #000000;\">Festival \u2018En \u00dabeda se cuenta\u2019<\/span><\/li>\n<li><span style=\"color: #000000;\">Cinefan Festival<\/span><\/li>\n<li><span style=\"color: #000000;\">Jornadas Sabina por aqu\u00ed<\/span><\/li>\n<li><span style=\"color: #000000;\">Concurso Nacional de Fotograf\u00eda<\/span><\/li>\n<li><span style=\"color: #000000;\">Certamen Internacional de Novela Hist\u00f3rica<\/span><\/li>\n<li><span style=\"color: #000000;\">Semana Sanjuanista<\/span><\/li>\n<li><span style=\"color: #000000;\">Festival de circo y clown \u2018Cucha de primavera\u2019 y \u2018Cucha de oto\u00f1o\u2019<\/span><\/li>\n<li><span style=\"color: #000000;\">Festival de T\u00edteres<\/span><\/li>\n<li><span style=\"color: #000000;\">Festival de Flamencos y Mestizos<span class=\"Apple-converted-space\">\u00a0<\/span><\/span><\/li>\n<li><span style=\"color: #000000;\">Festival de M\u00fasica Antigua \u00dabeda y Baeza<\/span><\/li>\n<li><span style=\"color: #000000;\">Festival del C\u00f3mic Europeo<\/span><\/li>\n<li><span style=\"color: #000000;\">Level UB<\/span><\/li>\n<li><span style=\"color: #000000;\">Cabaret Festival<\/span><\/li>\n<li><span style=\"color: #000000;\">Festival del Humor<\/span><\/li>\n<li><span style=\"color: #000000;\">Festmuve<\/span><\/li>\n<li><span style=\"color: #000000;\">Ars Sacrum<\/span><\/li>\n<li><span style=\"color: #000000;\">El Ciclo de M\u00fasica de C\u00e1mara de Ciudades Patrimonio<\/span><\/li>\n<li><span style=\"color: #000000;\">Los Cerros Sound Festival<\/span><\/li>\n<\/ul>\n<p>[\/et_pb_tab][et_pb_tab title=\u00bbPol\u00edticas Sociales\u00bb _builder_version=\u00bb3.0.101&#8243;]<\/p>\n<ul>\n<li><span style=\"color: #000000;\"><strong>Red Solidaria<\/strong> (garant\u00eda alimentaria) 1.340 casos atendidos.<\/span><\/li>\n<li><span style=\"color: #000000;\"><strong>Convenios con asociacione<\/strong>: pueblo saharaui, enfermos de Alzheimer, Tr\u00e9boles, etc.<\/span><\/li>\n<li><span style=\"color: #000000;\">Ayudas a <strong>emergencia social<\/strong> 140.700 euros.<\/span><\/li>\n<li><span style=\"color: #000000;\"><strong>Ayudas econ\u00f3micas a familias<\/strong> 209.000 euros.<\/span><\/li>\n<li><span style=\"color: #000000;\"><strong>Atenci\u00f3n infantil temprana<\/strong> 550.000 euros.<\/span><\/li>\n<li><span style=\"color: #000000;\"><strong>Centro Ocupacional<\/strong> atenci\u00f3n a 44 usuarios (talleres formativos, cursos deportivos, cursos culturales, cursos de salud,etc).<\/span><\/li>\n<li><span style=\"color: #000000;\"><strong>Fondo Social Extraordinario en pandemia<\/strong> dotado por el Estado 108.591 euros que benefici\u00f3 a 1.365 personas (aumento del 250 por ciento de las ayudas a emergencia social).<\/span><\/li>\n<li><span style=\"color: #000000;\"><strong>Ayuda al alquiler<\/strong> con una asignaci\u00f3n m\u00ednima anual de 350.000 euros.<\/span><\/li>\n<li><span style=\"color: #000000;\"><strong>Becas a comedor<\/strong> para casi 80 menores.<\/span><\/li>\n<li><span style=\"color: #000000;\"><strong>Plan Syga<\/strong> reparti\u00f3 85 men\u00fas, dos d\u00edas en semana en el Virgen de Guadalupe.<span class=\"Apple-converted-space\">\u00a0<\/span><\/span><\/li>\n<li><span style=\"color: #000000;\">Creaci\u00f3n de un <strong>registro auxiliar para agilizar los tr\u00e1mites<\/strong> (3 a 6 d\u00edas) de la petici\u00f3n y concesi\u00f3n de ayudas en Servicios Sociales, en horario de tarde. Se atendieron a 132 personas.<\/span><\/li>\n<li><span style=\"color: #000000;\">Ayudas a <strong>emergencia social y alquiler<\/strong> por valor de 61.866,45 euros.<\/span><\/li>\n<li><span style=\"color: #000000;\"><strong>Colaboraci\u00f3n con Protecci\u00f3n Civil<\/strong> para la atenci\u00f3n en la pandemia de mayores y personas en riesgo de vulnerabilidad -30 beneficiarios-.<span class=\"Apple-converted-space\">\u00a0<\/span><\/span><\/li>\n<li><span style=\"color: #000000;\"><strong>Ayudas material escolar<\/strong>.<span class=\"Apple-converted-space\">\u00a0<\/span><\/span><\/li>\n<\/ul>\n<p>[\/et_pb_tab][\/et_pb_tabs][et_pb_text _builder_version=\u00bb3.0.101&#8243;]<\/p>\n<h1 style=\"text-align: center;\"><strong><span style=\"color: #ff0000;\">HITOS CONSEGUIDOS<\/span><\/strong><\/h1>\n<p>[\/et_pb_text][\/et_pb_column][\/et_pb_row][\/et_pb_section][et_pb_section bb_built=\u00bb1&#8243; fullwidth=\u00bbon\u00bb _builder_version=\u00bb3.0.101&#8243; background_image=\u00bbhttps:\/\/alaltura.psoeubeda.org\/wp-content\/uploads\/2022\/12\/banner-web.jpg\u00bb prev_background_color=\u00bb#000000&#8243; next_background_color=\u00bb#000000&#8243;][et_pb_fullwidth_image src=\u00bbhttps:\/\/alaltura.psoeubeda.org\/wp-content\/uploads\/2022\/12\/banner-web.jpg\u00bb _builder_version=\u00bb3.0.101&#8243;]<\/p>\n<p>&nbsp;<\/p>\n<p>[\/et_pb_fullwidth_image][\/et_pb_section][et_pb_section bb_built=\u00bb1&#8243; _builder_version=\u00bb3.0.101&#8243; max_width_phone=\u00bb0%\u00bb max_width_last_edited=\u00bbon|desktop\u00bb module_alignment=\u00bbcenter\u00bb custom_margin=\u00bb|||\u00bb custom_margin_last_edited=\u00bbon|desktop\u00bb prev_background_color=\u00bb#000000&#8243; next_background_color=\u00bb#000000&#8243;][et_pb_row make_fullwidth=\u00bbon\u00bb use_custom_gutter=\u00bbon\u00bb gutter_width=\u00bb1&#8243; custom_margin=\u00bb0px|0px|0px|0px\u00bb disabled_on=\u00bboff|off|off\u00bb _builder_version=\u00bb3.0.101&#8243; background_color_gradient_direction=\u00bb102deg\u00bb module_alignment=\u00bbcenter\u00bb][et_pb_column type=\u00bb4_4&#8243;][et_pb_gallery gallery_ids=\u00bb121,120,118,123,124,127,126,125,122,128,129,130,86,87&#8243; posts_number=\u00bb12&#8243; show_title_and_caption=\u00bboff\u00bb show_pagination=\u00bboff\u00bb background_layout=\u00bbdark\u00bb hover_overlay_color=\u00bbrgba(224,43,32,0.9)\u00bb hover_icon=\u00bb%%3%%\u00bb disabled_on=\u00bboff|off|off\u00bb _builder_version=\u00bb3.0.101&#8243; pagination_font_size_tablet=\u00bb51&#8243; pagination_line_height_tablet=\u00bb2&#8243; max_width_phone=\u00bb33%\u00bb max_width_last_edited=\u00bbon|phone\u00bb custom_margin=\u00bb0px|0px|0px|0px\u00bb custom_margin_last_edited=\u00bbon|desktop\u00bb fullwidth=\u00bboff\u00bb orientation=\u00bblandscape\u00bb zoom_icon_color=\u00bb#e40613&#8243;]<\/p>\n<p>&nbsp;<\/p>\n<p>[\/et_pb_gallery][\/et_pb_column][\/et_pb_row][\/et_pb_section][et_pb_section bb_built=\u00bb1&#8243; fullwidth=\u00bboff\u00bb specialty=\u00bboff\u00bb prev_background_color=\u00bb#000000&#8243;][et_pb_row][et_pb_column type=\u00bb4_4&#8243;][et_pb_slider _builder_version=\u00bb3.0.101&#8243; show_arrows=\u00bbon\u00bb show_pagination=\u00bbon\u00bb custom_button=\u00bboff\u00bb button_icon_placement=\u00bbright\u00bb show_content_on_mobile=\u00bbon\u00bb show_cta_on_mobile=\u00bbon\u00bb show_image_video_mobile=\u00bboff\u00bb][et_pb_slide _builder_version=\u00bb3.0.101&#8243; image=\u00bbhttps:\/\/alaltura.psoeubeda.org\/wp-content\/uploads\/2023\/01\/Inauguracion-centro-mujer-copia-scaled.jpg\u00bb use_background_color_gradient=\u00bboff\u00bb background_color_gradient_start=\u00bb#2b87da\u00bb background_color_gradient_end=\u00bb#29c4a9&#8243; background_color_gradient_type=\u00bblinear\u00bb background_color_gradient_direction=\u00bb180deg\u00bb background_color_gradient_direction_radial=\u00bbcenter\u00bb background_color_gradient_start_position=\u00bb0%\u00bb background_color_gradient_end_position=\u00bb100%\u00bb background_color_gradient_overlays_image=\u00bboff\u00bb parallax=\u00bboff\u00bb parallax_method=\u00bbon\u00bb background_size=\u00bbcover\u00bb background_position=\u00bbcenter\u00bb background_repeat=\u00bbno-repeat\u00bb background_blend=\u00bbnormal\u00bb allow_player_pause=\u00bboff\u00bb background_video_pause_outside_viewport=\u00bbon\u00bb use_bg_overlay=\u00bboff\u00bb use_text_overlay=\u00bboff\u00bb text_border_radius=\u00bb3&#8243; alignment=\u00bbcenter\u00bb child_filter_hue_rotate=\u00bb0deg\u00bb child_filter_saturate=\u00bb100%\u00bb child_filter_brightness=\u00bb100%\u00bb child_filter_contrast=\u00bb100%\u00bb child_filter_invert=\u00bb0%\u00bb child_filter_sepia=\u00bb0%\u00bb child_filter_opacity=\u00bb100%\u00bb child_filter_blur=\u00bb0px\u00bb child_mix_blend_mode=\u00bbnormal\u00bb background_layout=\u00bbdark\u00bb text_shadow_style=\u00bbnone\u00bb header_text_shadow_style=\u00bbnone\u00bb body_text_shadow_style=\u00bbnone\u00bb custom_button=\u00bboff\u00bb button_bg_use_color_gradient=\u00bboff\u00bb button_bg_color_gradient_overlays_image=\u00bboff\u00bb button_use_icon=\u00bbon\u00bb button_on_hover=\u00bbon\u00bb button_text_shadow_style=\u00bbnone\u00bb box_shadow_style_button=\u00bbnone\u00bb \/][et_pb_slide _builder_version=\u00bb3.0.101&#8243; image=\u00bbhttps:\/\/alaltura.psoeubeda.org\/wp-content\/uploads\/2022\/12\/Foto-3-1.jpg\u00bb use_background_color_gradient=\u00bboff\u00bb background_color_gradient_start=\u00bb#2b87da\u00bb background_color_gradient_end=\u00bb#29c4a9&#8243; background_color_gradient_type=\u00bblinear\u00bb background_color_gradient_direction=\u00bb180deg\u00bb background_color_gradient_direction_radial=\u00bbcenter\u00bb background_color_gradient_start_position=\u00bb0%\u00bb background_color_gradient_end_position=\u00bb100%\u00bb background_color_gradient_overlays_image=\u00bboff\u00bb parallax=\u00bboff\u00bb parallax_method=\u00bbon\u00bb background_size=\u00bbcover\u00bb background_position=\u00bbcenter\u00bb background_repeat=\u00bbno-repeat\u00bb background_blend=\u00bbnormal\u00bb allow_player_pause=\u00bboff\u00bb background_video_pause_outside_viewport=\u00bbon\u00bb use_bg_overlay=\u00bboff\u00bb use_text_overlay=\u00bboff\u00bb text_border_radius=\u00bb3&#8243; alignment=\u00bbcenter\u00bb child_filter_hue_rotate=\u00bb0deg\u00bb child_filter_saturate=\u00bb100%\u00bb child_filter_brightness=\u00bb100%\u00bb child_filter_contrast=\u00bb100%\u00bb child_filter_invert=\u00bb0%\u00bb child_filter_sepia=\u00bb0%\u00bb child_filter_opacity=\u00bb100%\u00bb child_filter_blur=\u00bb0px\u00bb child_mix_blend_mode=\u00bbnormal\u00bb background_layout=\u00bbdark\u00bb text_shadow_style=\u00bbnone\u00bb header_text_shadow_style=\u00bbnone\u00bb body_text_shadow_style=\u00bbnone\u00bb custom_button=\u00bboff\u00bb button_bg_use_color_gradient=\u00bboff\u00bb button_bg_color_gradient_overlays_image=\u00bboff\u00bb button_use_icon=\u00bbon\u00bb button_on_hover=\u00bbon\u00bb button_text_shadow_style=\u00bbnone\u00bb box_shadow_style_button=\u00bbnone\u00bb \/][\/et_pb_slider][\/et_pb_column][\/et_pb_row][\/et_pb_section]<\/p>\n","protected":false},"excerpt":{"rendered":"<p>[et_pb_section bb_built=\u00bb1&#8243; fullwidth=\u00bbon\u00bb _builder_version=\u00bb3.0.47&#8243; next_background_color=\u00bb#000000&#8243;][et_pb_fullwidth_image src=\u00bbhttps:\/\/alaltura.psoeubeda.org\/wp-content\/uploads\/2023\/01\/CABECERA_FB.jpg\u00bb _builder_version=\u00bb3.0.101&#8243;] &nbsp; [\/et_pb_fullwidth_image][\/et_pb_section][et_pb_section bb_built=\u00bb1&#8243; _builder_version=\u00bb3.0.101&#8243; prev_background_color=\u00bb#000000&#8243; next_background_color=\u00bb#000000&#8243;][\/et_pb_section][et_pb_section bb_built=\u00bb1&#8243; _builder_version=\u00bb3.0.101&#8243; custom_padding=\u00bb0px||0px|\u00bb prev_background_color=\u00bb#000000&#8243; next_background_color=\u00bb#000000&#8243;][et_pb_row _builder_version=\u00bb3.0.47&#8243; background_size=\u00bbinitial\u00bb background_position=\u00bbtop_left\u00bb background_repeat=\u00bbrepeat\u00bb][et_pb_column type=\u00bb4_4&#8243;][et_pb_tabs active_tab_background_color=\u00bb#ff0202&#8243; inactive_tab_background_color=\u00bb#ffffff\u00bb _builder_version=\u00bb3.0.101&#8243; tab_font=\u00bbArial||||||||\u00bb border_color_all=\u00bb#ffffff\u00bb][et_pb_tab title=\u00bbInfraestructuras\u00bb _builder_version=\u00bb3.0.101&#8243;] Eficiencia energ\u00e9tica de colegios 2 Millones de \u20ac. Adecuaci\u00f3n edificio de la Central de pinturas 765.000\u20ac. Reurbanizaci\u00f3n Calle Juan Montilla 81.500\u20ac. Red de aguas Cristo [&hellip;]<\/p>\n","protected":false},"author":1,"featured_media":0,"parent":0,"menu_order":0,"comment_status":"closed","ping_status":"closed","template":"","meta":{"footnotes":""},"class_list":["post-20","page","type-page","status-publish","hentry"],"_links":{"self":[{"href":"https:\/\/alaltura.psoeubeda.org\/index.php?rest_route=\/wp\/v2\/pages\/20","targetHints":{"allow":["GET"]}}],"collection":[{"href":"https:\/\/alaltura.psoeubeda.org\/index.php?rest_route=\/wp\/v2\/pages"}],"about":[{"href":"https:\/\/alaltura.psoeubeda.org\/index.php?rest_route=\/wp\/v2\/types\/page"}],"author":[{"embeddable":true,"href":"https:\/\/alaltura.psoeubeda.org\/index.php?rest_route=\/wp\/v2\/users\/1"}],"replies":[{"embeddable":true,"href":"https:\/\/alaltura.psoeubeda.org\/index.php?rest_route=%2Fwp%2Fv2%2Fcomments&post=20"}],"version-history":[{"count":107,"href":"https:\/\/alaltura.psoeubeda.org\/index.php?rest_route=\/wp\/v2\/pages\/20\/revisions"}],"predecessor-version":[{"id":283,"href":"https:\/\/alaltura.psoeubeda.org\/index.php?rest_route=\/wp\/v2\/pages\/20\/revisions\/283"}],"wp:attachment":[{"href":"https:\/\/alaltura.psoeubeda.org\/index.php?rest_route=%2Fwp%2Fv2%2Fmedia&parent=20"}],"curies":[{"name":"wp","href":"https:\/\/api.w.org\/{rel}","templated":true}]}}